{"id":2,"date":"2016-05-10T03:48:21","date_gmt":"2016-05-10T03:48:21","guid":{"rendered":"http:\/\/wp452m.a10-52-158-154.qa.plesk.ru\/wordpress\/?page_id=2"},"modified":"2019-11-05T21:30:42","modified_gmt":"2019-11-05T21:30:42","slug":"willkommen","status":"publish","type":"page","link":"https:\/\/barman.ch\/wordpress\/willkommen\/","title":{"rendered":"Wir sch\u00fctzen Ihre Marke und nehmen Ihre Rechte wahr!"},"content":{"rendered":"<p>Unsere Anwaltskanzlei bietet Unternehmen und Privatpersonen eine umfassende rechtliche und pers\u00f6nliche Beratung im Bereich des geistigen Eigentums an.<\/p>\n<p>Als Markenanwaltskanzlei unterst\u00fctzen wir Sie beim Erwerb und der Verwaltung von Marken. Falls erforderlich, vertreten wir Sie zur Verteidigung ihrer Marken-, Urheber-, Design- und Firmenrechte (Verteidigung des Firmennamens) vor Gericht. Auch bei der rechtlichen Beratung im Zusammenhang mit Ihrem Domainnamen unterst\u00fctzen wir Sie gerne.<\/p>\n<p>Unser allgemeiner Rechtsdienst hilft Ihnen bei allgemeinen rechtlichen Fragen und deckt vornehmlich das Vertrags-, das Handels- sowie das Schuldbetreibungs- und Konkursrecht ab.<\/p>\n<p>Wir erbringen unsere Dienstleistungen in deutscher und franz\u00f6sischer Sprache. F\u00fcr unsere internationale Klientschaft arbeiten wir selbstverst\u00e4ndlich auch auf Englisch.<\/p>\n","protected":false},"excerpt":{"rendered":"<p>Unsere Anwaltskanzlei bietet Unternehmen und Privatpersonen eine umfassende rechtliche und pers\u00f6nliche Beratung im Bereich des geistigen Eigentums an. Als Markenanwaltskanzlei unterst\u00fctzen wir Sie beim Erwerb und der Verwaltung von Marken. Falls erforderlich, vertreten wir Sie zur Verteidigung ihrer &hellip; <\/p>\n<div class=\"more-link-wrapper\"><a href=\"https:\/\/barman.ch\/wordpress\/willkommen\/\" class=\"more-link\">Continue reading<span class=\"screen-reader-text\"> &#8222;Wir sch\u00fctzen Ihre Marke und nehmen Ihre Rechte wahr!&#8220;<\/span><\/a><\/div>\n","protected":false},"author":1,"featured_media":0,"parent":0,"menu_order":10,"comment_status":"closed","ping_status":"closed","template":"","meta":{"footnotes":""},"class_list":["post-2","page","type-page","status-publish","hentry"],"_links":{"self":[{"href":"https:\/\/barman.ch\/wordpress\/wp-json\/wp\/v2\/pages\/2","targetHints":{"allow":["GET"]}}],"collection":[{"href":"https:\/\/barman.ch\/wordpress\/wp-json\/wp\/v2\/pages"}],"about":[{"href":"https:\/\/barman.ch\/wordpress\/wp-json\/wp\/v2\/types\/page"}],"author":[{"embeddable":true,"href":"https:\/\/barman.ch\/wordpress\/wp-json\/wp\/v2\/users\/1"}],"replies":[{"embeddable":true,"href":"https:\/\/barman.ch\/wordpress\/wp-json\/wp\/v2\/comments?post=2"}],"version-history":[{"count":5,"href":"https:\/\/barman.ch\/wordpress\/wp-json\/wp\/v2\/pages\/2\/revisions"}],"predecessor-version":[{"id":126,"href":"https:\/\/barman.ch\/wordpress\/wp-json\/wp\/v2\/pages\/2\/revisions\/126"}],"wp:attachment":[{"href":"https:\/\/barman.ch\/wordpress\/wp-json\/wp\/v2\/media?parent=2"}],"curies":[{"name":"wp","href":"https:\/\/api.w.org\/{rel}","templated":true}]}}